e number?
False
Let c(z) = 16*z + 3 + 3 - 7 - 8*z + 2*z**3 + 4*z**2. Is c(4) a prime number?
True
Let i(p) = 7*p**2 + 54*p - 9. Is i(-34) composite?
False
Suppose -2*w = -3 - 5. Suppose w*n + 28 = 9*n - j, -16 = -2*n - 2*j. Suppose -n*k + 470 = -k. Is k a prime number?
False
Let b = -110508 - -192301. Is b a prime number?
False
Let t = 9323 + -1114. Is t prime?
True
Suppose d + 3 - 15 = 3*f, 3*f - 4*d + 12 = 0. Let i(a) be the second derivative of a**5/20 + a**4/3 - a**3 - a**2 - 2*a. Is i(f) a composite number?
True
Let a(v) = -6*v + 240. Let z be a(39). Let p = -2 - -5. Is ((-33)/z - p)*-34 a composite number?
True
Let z = 615 + -226. Is z prime?
True
Is (1 + -4 - -2101)*(-2)/(-4) prime?
True
Let f = -35 - -17. Let p = f + 29. Is p a prime number?
True
Let u = 4213 - 2040. Let c = u + -1544. Is c composite?
True
Suppose -367484 - 1009573 = -33*v. Is v a composite number?
False
Let p(a) = 355*a - 3. Is p(4) prime?
False
Let k = 95 - 398. Let c = k + 192. Is ((-10)/3 - -3)*c composite?
False
Let c = -19789 - -35316. Is c a composite number?
False
Suppose -2*h + 19 = 3*v, -h - 8*v + 22 = -4*v. Let x be 1 + 1444 + 0 - 1. Suppose -h*j = -4*l + 1594, -j - 147 - x = -4*l. Is l a prime number?
True
Let q(u) = 2*u + 4. Let n be q(-4). Let k be (n/8 - 3)*-2. Let g(l) = 24*l - 19. Is g(k) prime?
True
Suppose 5*b - 8*b + 5*w = -60459, -20153 = -b - w. Is b a prime number?
False
Let v be 0*(2 + 2)/8. Suppose v*r - 2*r + 311 = 5*t, t + 5*r = 53. Suppose i = -u - 3*u + t, -i - u + 78 = 0. Is i a composite number?
False
Let b be (-2)/(2/(-12)*-3). Let y be 1123 + 0*2/b. Let j = -768 + y. Is j composite?
True
Suppose 295 = 9*p - 4*p. Suppose -r - 9 = -p. Suppose x = r + 107. Is x a composite number?
False
Let p(u) = -u**2 + u - 4 + 4*u + u**3 - 7*u**2. Let v be p(9). Suppose 0 = 4*w - v - 10. Is w a composite number?
True
Suppose -718 - 788 = -3*i. Suppose -3*y - 4*a - 1079 = 0, -y = -3*y - 3*a - 721. Let u = i + y. Is u a prime number?
True
Suppose -4*u - 8 = 2*j, -3*u = -0*u + 12. Suppose 5*a = a - 3*f, -j*a = -f - 16. Suppose -5*w = -a*b - 0*w + 154, -4*b + 2*w + 210 = 0. Is b composite?
False
Let l(r) = -344*r - 35. Is l(-6) prime?
True
Suppose 1626 = 5*c + 7166. Let w = c - -2651. Is w prime?
True
Let w(n) = -247*n + 163. Is w(-4) composite?
False
Suppose 0 = -5*c - 5, -4*r - 6*c = -2*c - 34192. Is r a composite number?
True
Let d = 2102 + 4493. Is d a composite number?
True
Let n(s) = -2*s. Suppose -4*v + 0*p = p + 7, -2*v + 4*p = -10. Let f be n(v). Suppose 5 = f*u - 63. Is u a prime number?
False
Let p(d) be the first derivative of 2*d**3/3 + 2*d**2 - 22*d + 27. Is p(-8) a prime number?
False
Let z = -659 - -1644. Let w = z + 760. Is w a composite number?
True
Let i = 34990 - -4932. Is i composite?
True
Is 6087627/234*2*1 a composite number?
True
Suppose -4*a + 6592 = -2*v, 16*v - 8255 = -5*a + 11*v. Is a a composite number?
True
Let r be (0 - 1)/(4/(-40)). Suppose -5*g - 15 = -r*g. Suppose g*u = 76 + 17. Is u a prime number?
True
Let o(f) = -74*f + 32. Let r be o(-14). Let m = r - 601. Is m a prime number?
True
Let j(l) = -l**3 - 8*l**2 + l + 10. Let f be j(-8). Is 1 + 1 - 411*f/(-2) composite?
True
Let y = 707 - 1353. Let i = y - -982. Suppose -p + 67 = -3*h, -3*p - p + i = 5*h. Is p a composite number?
False
Suppose -2*l + 5*x + 8713 + 6258 = 0, 3*l + 5*x = 22444. Is l composite?
True
Let d = 271 - -195. Is d a composite number?
True
Suppose -7*q - 7 = -21. Let t(g) = -g**3 + 5*g**2 + 8*g - 5. Let o be t(6). Suppose -1265 = q*h - o*h. Is h composite?
True
Let h(o) = 5277*o**2 - o + 1. Let d be h(-1). Suppose 3*f - 2*i - d = 0, 240 = f - 4*i - 1523. Is f composite?
False
Let b = 30893 - 12150. Is b composite?
False
Let o be 61600/130 - 4/(-26). Let j = o - 263. Is j composite?
False
Is -2 + (-1600)/(-6) + 23/69 a composite number?
True
Let h = -17 + 21. Suppose h*w = -4*t + 2480, 2486 = w + 3*w + 2*t. Is w composite?
True
Let m = 4845 - -6696. Is m composite?
True
Let r(x) = 255*x**2 + 3*x + 2. Let t be r(-3). Suppose 4*u = 8*u - t. Suppose m - 5*m = -u. Is m composite?
True
Suppose 0 = 3*v - 30 - 54. Suppose o + 6*o = v. Suppose -2*n + 838 = 3*p, -2*p + 405 = n - o*p. Is n a composite number?
True
Let m be 0/(2/(-4)*2). Suppose m = 10*y - 5*y - 415. Is y a prime number?
True
Let g be (-702)/(-42) + 6/21. Let j = -18 + g. Is 544 + j - 10/5 a prime number?
True
Suppose -18*t + 29514 = -16*t. Is t a composite number?
True
Let p = 1189 - -234. Is p a composite number?
False
Let c = 0 - 6. Let p be (1512/c)/((-2)/11). Suppose -5*m + o + p = 0, -4*m = m + 2*o - 1398. Is m a composite number?
True
Let t be (-2)/5 + (-167)/(-5). Suppose 4*l = l + t. Is l composite?
False
Let o = 4606 - 639. Is o prime?
True
Let p(i) be the first derivative of 13*i**3/3 - i**2/2 + 5*i + 17. Is p(-4) prime?
False
Is (11/(-6 - -39))/((-2)/(-5034)) a prime number?
True
Let v(n) = 10*n**2 - n + 1. Let q(b) = -b**3 - 6*b**2 - 3*b - 7. Let m be q(-6). Let h = 9 - m. Is v(h) composite?
False
Let c = 0 - -3. Suppose -c*d + 5*d - 5*k = 3, -3*d - 1 = -2*k. Is d - -61 - (-4)/(-4) a prime number?
True
Let n(t) = -3*t**2 + 17*t - 2. Let w be n(5). Let g(a) = 2*a**3 - 5*a**2 - 4*a - 3. Is g(w) a composite number?
True
Let s = -14 - -7. Let j(w) = -3*w**3 - 8*w**2 - 2*w + 4. Let z be j(s). Suppose 5*v + 2*x - z - 232 = 0, 4*v + 2*x - 708 = 0. Is v a prime number?
True
Suppose -10*f - 34056 = -21*f. Suppose 2*w - 830 = -4*v + f, -4*w + 3920 = 4*v. Is v composite?
False
Let w(z) = 21*z**2 + 2*z + 44. Is w(7) prime?
True
Let u(f) = f**3 + 6*f**2 + 5*f. Let v be u(-5). Suppose -3*n + v*n = -9. Suppose -4*k - 5035 = -3*d, -50 = -4*d - n*k + 6630. Is d a composite number?
True
Is (-42)/609 - (-483461)/29 a prime number?
False
Let c(n) = -n - 2. Let m be c(1). Is (1043/(-3) - (m - -5))*-3 composite?
False
Let i = -961 + 2682. Is i a prime number?
True
Let m(p) = 9*p**2 - 35*p - 29. Is m(-15) a prime number?
True
Let t = -31 - -42. Suppose t*r + 15325 - 42022 = 0. Is r a prime number?
False
Suppose 4*x - 4 = 6*x. Is 633*(x - (-35)/15) prime?
True
Suppose -2*n + 5*n - 633 = 0. Is n a composite number?
False
Is (-6)/39 - 4/(-52)*69513 composite?
False
Suppose 5*j = -j + 1104. Suppose 4*m - 644 = -j. Is m a composite number?
True
Let s(i) = -2426*i - 367. Is s(-3) composite?
False
Let m be (-11337)/(-2) - (-11)/22. Let a = m - 3936. Is a a composite number?
False
Suppose 3*q - 9978 = 4*t + 13522, -4*t = -2*q + 23496. Is 1 + 33/(-39) + t/(-26) composite?
True
Let h = 7630 - -6543. Is h a prime number?
True
Suppose -3*m + 206 + 2489 = n, 2*m - 1802 = 2*n. Is m prime?
False
Suppose 24*w = 25772 + 384220. Is w a composite number?
True
Let l be (-3)/2*(8124/9)/(-2). Suppose l = 10*r - 3773. Is r prime?
False
Let j = 346 - 172. Suppose -3*r - j = -5067. Is r composite?
True
Suppose 0 = -242*i + 244*i - 24404. Is i prime?
False
Suppose 4*h - 5 - 3 = 0. Suppose 0 = 5*p - 4*t - 5351, h*t = 4*p + p - 5343. Is p prime?
False
Let a be (-182)/(-98) - 1/(-7). Suppose 0*p - 390 = -3*p - 3*y, -a*y + 520 = 4*p. Suppose p = 4*b - 346. Is b composite?
True
Let d be (-80)/(-60)*(2 + 1). Suppose 3908 = d*y - 0*y. Is y a prime number?
True
Let z = -32352 - -54547. Let c = -12668 + z. Is c a prime number?
False
Let a(l) = 9 - 1 + 12 + 14*l + 163*l. Is a(7) composite?
False
Let x(n) = -n**3 + 14*n**2 + 26*n. Let r be x(11). Suppose i - 132 = r. Is i a composite number?
True
Let r be 12/(-3) - -4 - -293. Suppose -r - 2023 = -4*g. Is g a composite number?
True
Suppose -3*z - 9 = 4*s - s, s - 4*z = 12. Suppose 29 = 3*t - 5*p + 2, -3*p - 9 = s. Suppose 0 = -t*a + 46 + 6. Is a a prime number?
True
Let y = 22 + -19. Is (-1)/y - 11660/(-60) composite?
True
Suppose -d + 592 = 51. Is d a prime number?
True
Suppose 3*h = h + 32. Suppose h*c = 19*c. Suppose 2*k = 4*p + 342, 6*k - k - 2*p - 879 = c. Is k a composite number?
True
Suppose -3*k + 4 = -4*k. Let h(v) = -1025*v + 11. Is h(k) a prime number?
True
Suppose y + 5*w = 10, -4*y + 4*w + 30 = -y. Suppose -y*g + 9240 = -5570. Is g a prime number?
True
Let b(y) = 24*y - 23. Suppose 0 = -4*x + 1 - 17. Let t be -2 + -2 + 12 - x. Is b(t) prime?
False
Suppose 0 = -4*l + 8*l - 5*j - 7973, -3*l + 4*j + 5980 = 0. Let x = 4759 - l. Is x prime?
True
Let h be (354/(-1))/((-2)/1). Suppose